 34. What is the remainder when b is divided by 4?
3
Let f = 18 - 13. Suppose 2*r - 43 + f = 0. What is the remainder when r is divided by 11?
8
Calculate the remainder when 99 is divided by 30/(0 + 1) - -4.
31
Let h = -47 - -69. Let z(x) = -3*x + 11. Let g be z(9). Let j = 28 + g. What is the remainder when h is divided by j?
10
Suppose 0 = 4*i - 92 - 60. Calculate the remainder when i is divided by 20.
18
Let g = 124 - 114. What is the remainder when 55 is divided by g?
5
Let w(j) = -2 - 2 + 3 - 3*j. What is the remainder when 14 is divided by w(-3)?
6
Let u(t) = 3*t + 2. Suppose 92 = c + 5*r, 4*r - 166 = -2*c - 0*r. Calculate the remainder when c is divided by u(6).
17
Suppose 2*l = -f + 19, -5*l + 3*f = -70 + 17. What is the remainder when (l/5)/((-3)/(-21)) is divided by 5?
4
Suppose 0 = -4*l + 4 - 12. Let d = 0 - l. Suppose -y = -2*y + 4. Calculate the remainder when y is divided by d.
0
Let h(x) be the first derivative of x**3/3 + 3*x + 4. What is the remainder when 8 is divided by h(0)?
2
Suppose 0 = 2*s - 4*y - 4, 2*y - 28 = -s - s. What is the remainder when (-1)/3*-3 + 28 is divided by s?
9
Let q = 29 + -43. Let s = -12 - q. What is the remainder when 1 - 1/(2/(-2)) is divided by s?
0
Let k = -48 - -79. Suppose 2*x - h = 17, -x - 7*h = -3*h - k. Calculate the remainder when 95/3 + 22/(-33) is divided by x.
9
Suppose -b - 3*b + 64 = 0. Suppose t = -0*t - 3*u + b, 4*u - 102 = -5*t. What is the remainder when 87 is divided by t?
21
Let n = -2 + 4. Let u be ((-48)/9)/(n/(-3)). Let i(z) = z**3 - 9*z**2 + 11*z - 12. What is the remainder when i(u) is divided by 7?
5
Suppose 41 = u + 28. What is the remainder when 23 is divided by u?
10
Let l(s) = -s**3 + 9*s**2 - 8*s + 3. Let w be l(8). Suppose -y = -3*k + 89, w*k + 2*y - 94 = 4*y. What is the remainder when k is divided by 15?
13
Suppose 8 = -n + 2*n. What is the remainder when n/6*99/6 is divided by 8?
6
Let o(n) = n**3 + 2*n**2 - 4*n + 1. What is the remainder when 17 is divided by o(-3)?
1
Let r = 69 - 44. Let y = -15 + r. Calculate the remainder when y is divided by 4.
2
Let f(u) = -u**3 + 3*u**2 - u - 2. Let a be f(2). Suppose -x + 4*c + 1 = a, 2*c = -2*x + 2 - 0. Let y = x - -1. What is the remainder when 2 is divided by y?
0
Let n = -14 - -12. What is the remainder when 42 is divided by 387/18 - n/4?
20
Suppose 5*n = -0*n + 2*y + 56, 16 = n - 2*y. Let d = -32 + 71. Calculate the remainder when d is divided by n.
9
Let r(s) = 18*s**3 + s**2 + s - 1. What is the remainder when r(1) is divided by (0 - 2)/(-1 + -1) + 6?
5
Suppose -4*c - 4*g + 80 = -0*c, 4*c - 84 = -5*g. Calculate the remainder when c is divided by 7.
2
Let o = 58 + -123. Let c = -45 - o. Calculate the remainder when 37 is divided by c.
17
Let t = 15 - 5. Calculate the remainder when t is divided by 8.
2
Let g = 122 + -55. Let v = 1 - -13. What is the remainder when g is divided by v?
11
Let l = 12 - 6. Suppose -75 = -l*o + o. What is the remainder when 28 is divided by o?
13
Suppose 19 = 5*f - 4*f. What is the remainder when 131 is divided by f?
17
Suppose 4*i - 9*i = -3*f + 68, 0 = -f + i + 22. Calculate the remainder when (1 - 2) + 83*1 is divided by f.
19
Suppose 54*c - 59*c + 55 = 0. Calculate the remainder when 19 is divided by c.
8
Let b be (5 - 4)/(2/10). Let z = 2 + b. Let h = z + -5. What is the remainder when h is divided by 1?
0
Let x be (-5 - -29)/(3/2). Suppose -x = -4*u + 28. Calculate the remainder when u is divided by (-2)/7 - (-44)/7.
5
Let f be 62 - 5 - (-1)/(-1). What is the remainder when f - (-6)/(0 - -2) is divided by 15?
14
Let s(p) = p + 16. Let z(y) = -y**3 + 13*y**2 + 2*y - 12. Let t be z(13). Calculate the remainder when s(t) is divided by 8.
6
Let b(q) = q**3 + 11*q**2 + 2*q + 27. Calculate the remainder when b(-11) is divided by (-13)/(-4) - 1/4.
2
Suppose -3*b + 57 = -0*b. Suppose -3*j = -0*j - 225. What is the remainder when j is divided by b?
18
Suppose -2*c - 26 = -0*c. Let t = -31 - c. Let k = -6 - t. Calculate the remainder when 35 is divided by k.
11
Suppose 2*i = 6, -3*r - 13 = -r + i. Let w = 19 + r. Calculate the remainder when w is divided by 6.
5
Let t = -17 + 226. What is the remainder when t is divided by 53?
50
Let y(x) = x**2 + x. Let c be y(-2). Let i be (-3)/(-2) + (-1)/c. What is the remainder when 46 is divided by 4/(12/45) + i?
14
Suppose 0 = -5*q + 133 + 1017. Calculate the remainder when q/40*(-24)/(-2) is divided by 18.
15
Let q = -22 + 45. Suppose 0 = -5*l + 5*n - 105 + 550, 266 = 3*l - 4*n. Calculate the remainder when l is divided by q.
21
Let d = 21 - -18. Let a = -13 + 15. What is the remainder when d is divided by ((-5)/a + 0)*-8?
19
Let c be ((-1)/(-2))/(9/(-126)). Let b(t) = -2*t. What is the remainder when 54 is divided by b(c)?
12
Suppose 6*c - 2*c + 38 = 3*x, -3*c - 9 = x. Let w = -6 - -22. Calculate the remainder when (-1)/3 - (-278)/x is divided by w.
14
Let h be (1*-1)/((-4)/28). Let v be (-6)/21 + 16/h. Suppose -52 = -o - w, -5*w = 2*o + v*o - 210. Calculate the remainder when o is divided by 17.
16
Let g be 4/8 - 1/2. Suppose g*w + 11 = w. Calculate the remainder when 20 is divided by w.
9
What is the remainder when 119 is divided by 19 + (9 - (8 + -4))?
23
Let i = -10 + 6. Let c(j) = -130*j + 5. Let v be c(i). What is the remainder when 1/2 + v/10 is divided by 18?
17
What is the remainder when 9 is divided by (-2)/4*(-180)/18?
4
Suppose 2*f - 4 = -5*o - 42, f - 25 = 3*o. Let b(x) = 2*x**2 + 10*x - 11. What is the remainder when b(o) is divided by 13?
11
Suppose f + 155 = 6*f. Calculate the remainder when 122 is divided by f.
29
Let r(s) = s - 6*s + 4*s + 0*s. Let u be r(-5). Suppose -u*z = -4*b + 8, 3*b - 3 = -2*z + 3. What is the remainder when b is divided by 2?
0
Let r = 9 + -4. Suppose -2*g = 4*w, 0 = 4*g + g - r*w - 75. What is the remainder when g is divided by 6?
4
Suppose 2*m - 22 = 24. What is the remainder when 67 is divided by m?
21
Let u(k) = -k**3 + 3*k**2 + k. Suppose -4*j + 208 = 4*n - 0*n, 4*j = 5*n - 251. What is the remainder when n is divided by u(-2)?
15
Suppose -x = -0*x - 2. Suppose b - 5*k = -x*b + 72, -47 = -2*b + 3*k. Calculate the remainder when b is divided by 11.
8
Suppose 6*t = 2*t - 52. Let g = -8 - t. What is the remainder when 17 is divided by g?
2
Suppose -f - f + 56 = 2*l, -l + 48 = -4*f. Suppose 2*j - 6 = l. What is the remainder when 74 is divided by j?
17
Suppose -3 = -y - 2*y. Suppose 0*j + 3*j - y = -2*k, 2*j = 2*k - 6. Calculate the remainder when (k + 49)*2/3 is divided by 12.
10
Suppose 0 = 5*c + l - 10, 0 = 2*c + 2*l - 4*l - 16. Suppose 5*r = -c*f + 4*f - 54, -366 = -5*f + r. What is the remainder when f is divided by 19?
17
Suppose -405 + 25 = -4*n. Calculate the remainder when n is divided by 14.
11
Suppose 0 = -4*j + 2*j + 90. Suppose -j = -4*z - 1. Suppose 0*t - 3*t = -93. What is the remainder when t is divided by z?
9
Suppose -7 = u - 69. Calculate the remainder when u is divided by 208/78*(5 + 1).
14
Suppose 0 = 3*l - 3*r - 39, 0 = 3*l - 0*r - 2*r - 39. Suppose -4*v = -v - 21. What is the remainder when l is divided by v?
6
Suppose -2*c = 2*c. What is the remainder when (25 - 4) + 0 + -2 is divided by 2 + c + 0 + 5?
5
Let j = 1 + 23. Calculate the remainder when j is divided by 14.
10
Suppose m + 0 = 3. Let u be -5*2*(-2)/5. Let r(x) = x. What is the remainder when r(u) is divided by m?
1
Let f(g) = -3*g**3 + 3*g**2 - 4*g + 2. Let a be f(2). Let c = a + 35. Let s = c + -3. What is the remainder when s is divided by 5?
4
Let o = 105 + -62. Calculate the remainder when 124 is divided by o.
38
Let g(r) = r - 20. What is the remainder when 150 is divided by g(29)?
6
Suppose d - 4*l = 4*d + 6, 3*d + l = 3. Suppose 70 = d*c + 3*c. Calculate the remainder when c is divided by 5.
4
Suppose -9 = -4*m + 4*r + 15, -2*m - r = -15. Calculate the remainder when m is divided by (-66)/(-14) - 4/(-14).
2
Let f(j) = 20*j - 1. Calculate the remainder when f(2) is divided by 14.
11
Let j be (-1)/2 - (-35)/10. Suppose 46 + 80 = j*a - 5*k, 0 = -a - 2*k + 42. Calculate the remainder when a is divided by 22.
20
Let s(t) = t**3 - t**2 - 2*t + 1. Let z = 1 + 0. Let w be s(z). What is the remainder when (0 + 7)*(3 + w) is divided by 5?
4
Let p = 36 - 26. Suppose c = -0*c + p. Let q(z) = z**3 - 9*z**2 - 8*z + 5. Calculate